et u(y) be the third derivative of -y**5/30 - y**4/12 - y**3/2 + y**2. Let r be u(-3). Let g = r - -22. Calculate the highest common divisor of g and 7.
7
Let p(f) = 3*f - 7. Let d be p(10). What is the highest common divisor of 115 and d?
23
Let f(r) = -r**3 + 3*r**2 + 2*r - 4. Let k be f(-3). Let b = 12 - 8. What is the greatest common factor of b and k?
4
Let a = 246 - 162. Let i be 0/(-1) - 4*-3. Calculate the greatest common divisor of a and i.
12
Let b = -9 - -18. What is the highest common factor of b and 18?
9
Let o be (2/(-3))/((-2)/12). Suppose -2*r + 4*z + 0*z = -64, 5*z + 10 = 0. Calculate the highest common divisor of r and o.
4
Let r be (-6)/1*(-22)/(-6). Let y = r + 40. Calculate the highest common divisor of y and 9.
9
Let k(b) = -b**2 - 5*b - 4. Let l be k(-4). Let v be ((-9)/2)/(18/(-48)). Suppose l + v = 4*f. Calculate the greatest common divisor of 27 and f.
3
Suppose -3*v + 3 + 0 = 0. Let h be v*(-2 + 4) - -2. Suppose -72 = -h*k - 4*c, -96 + 34 = -3*k - c. Calculate the greatest common divisor of k and 11.
11
Suppose 0 = 3*k + 3*s + 6, k + 2*k - 3*s = 12. Suppose -j + 15 = 4*a - 3*a, 3*j = 5*a + 5. Let n = 19 - j. What is the greatest common divisor of k and n?
1
Let a be (6 - 2)*10/(-4). Let z be ((-3)/(-6))/((-1)/a). Suppose 4*j + j + 4*o = 196, 4*o + 44 = j. What is the highest common factor of j and z?
5
Let m(z) = z**2 - 8*z + 13. Let p be m(6). Suppose 6*n - 3*n - 12 = 0. What is the greatest common factor of n and p?
1
Suppose -6*u + 2*u + 104 = 0. Calculate the greatest common factor of 39 and u.
13
Let y = 7 - 6. Suppose -2*a = 3*k - 5, y = 2*a + k - 2. Suppose 0 = 5*o - 10. Calculate the greatest common factor of a and o.
1
Let o be (-5)/(-3 - 6/(-3)). What is the greatest common divisor of 2 and o?
1
Let t(z) = 12*z + 4. Let p be t(8). Suppose -p = -d - 0*d. What is the highest common factor of d and 40?
20
Let c be 4/(-14) - 844/(-14). Suppose -17*w + 112 = -92. Calculate the highest common divisor of c and w.
12
Let n(m) = -m - 4. Suppose 3*s + 19 = 4*g - 2*g, 2*s = -5*g. Let k be n(s). Let y be (6/3 + 0)*k. What is the highest common divisor of 4 and y?
2
Let b(d) = 32 - 12 + d + 43 - d**2. Let m be b(0). Suppose 4*j - 26 = 10. What is the highest common divisor of m and j?
9
Let w(i) = i**2 - i - 8. Let s be w(8). Let z = 58 - 34. Suppose z = -4*d + 6*d. What is the greatest common divisor of s and d?
12
Let p be (0 + 4)*6/8. Suppose -p*h + 52 = -2*u - 1, 0 = -5*h + 4*u + 87. What is the greatest common divisor of 209 and h?
19
Suppose 5*y = y - 2*c + 314, 74 = y + 2*c. Let z(n) = -n**2 - 7*n + 4. Let a be z(-6). What is the highest common divisor of a and y?
10
Let r = 3 + -1. Suppose -2*f - 2*i = -3*f + 5, -2*i + 10 = r*f. Suppose y = f*o - y - 80, -3*o + 4*y + 48 = 0. What is the highest common factor of 16 and o?
16
Suppose 5*u + 4 - 54 = 0. Let w = u + 16. Let b(y) = y**3 - 4*y**2 - 7. Let d be b(6). What is the highest common factor of w and d?
13
Suppose 11*p - 484 = 7*p. Calculate the greatest common factor of p and 11.
11
Let z be -3*(-4)/4 + 2. Calculate the highest common divisor of 45 and z.
5
Suppose -30 = -8*s + 3*s. Let z(c) = -3*c - 12. Let q be z(-9). Calculate the greatest common factor of q and s.
3
Let n(g) = g. Let x(b) = 2*b - 1. Let p(w) = 5*n(w) - 2*x(w). Let r be p(-1). Let a be (r*-2)/1 + 24. What is the highest common factor of a and 44?
22
Let q be (-1 - (-2 - -2)) + 6. Suppose -6*s + s + q*k + 65 = 0, 2*s + 4 = -4*k. Let b be (5 + -1)/((-1)/(-2)). Calculate the highest common factor of b and s.
8
Let l(o) = -2*o - 9. Let p be (-2)/7 + (-54)/7. Let d be l(p). Calculate the greatest common factor of d and 1.
1
Let z(l) = l. Let n(p) = 11*p - 1. Let q(f) = -n(f) + 4*z(f). Let j be q(-1). Calculate the greatest common factor of j and 64.
8
Suppose 3*f = 5*w - 122, -w + 2*w = -5*f + 2. Calculate the highest common divisor of w and 2.
2
Let a = 23 - 20. What is the greatest common divisor of 21 and a?
3
Let z = -44 - -84. Calculate the greatest common factor of z and 160.
40
Let z be (-3)/(((-30)/4)/5). Let i be (2/5)/((-2)/(-10)). What is the greatest common divisor of z and i?
2
Let h(t) = 7*t + 2 - 8 - 2*t. Let o be h(4). Let a(f) = -18*f**3 + 2*f**2 + 2. Let j be a(-2). What is the greatest common factor of j and o?
14
Let p(m) = -6*m**3 - 2*m**2 + 4*m + 3. Suppose 0 = -3*r + 4*r + 3. Let a be p(r). Calculate the highest common divisor of a and 54.
27
Suppose b + 70 = 2*v, -v - 4*b = -3*v + 64. Calculate the highest common factor of 324 and v.
36
Suppose -7*u = -11*u + 196. Let f = 0 + 3. Let q be ((2 - f) + 2)*7. What is the greatest common divisor of q and u?
7
Let n(m) = m**2 - 2*m + 4. Let r be n(0). Suppose 5*o = x + 30, -r*o - 4*x - 28 + 76 = 0. Calculate the highest common divisor of o and 21.
7
Let p = 185 + -55. Suppose 6*a + 303 = 459. Calculate the highest common factor of a and p.
26
Let c = -74 + 109. What is the highest common factor of c and 5?
5
Let c(s) = 4*s - 12. Let n be c(27). Let b be -26 + (-1)/(-1) + -2. Let v = b + 39. Calculate the highest common divisor of n and v.
12
Let o be ((-10)/14 - -1) + (-996)/(-42). Let j be -2*6/16*-48. Calculate the greatest common factor of o and j.
12
Let q(b) = b**3 + 4*b**2 - 8*b - 9. Let u be q(-5). What is the greatest common divisor of u and 9?
3
Let b = -182 + 321. Suppose -p - 34 = -b. Let j be -21*1*4/(-2). Calculate the highest common factor of p and j.
21
Let t = 6 - 8. Let n = t - -4. Let g(v) = v**2 + 3*v + 3. Let o be g(-2). What is the greatest common divisor of o and n?
1
Suppose -5*g + 5*a = -30, -2*g + 4*a + 3 + 3 = 0. Let s be (-26)/6 - 6/g. Let l = s - -11. What is the highest common divisor of 24 and l?
6
Let t(o) = -2 + 6 + 0 - 2 - 3*o. Let f be t(-6). Calculate the greatest common factor of 8 and f.
4
Let b(d) = -3*d - 22. Let y be b(-24). Calculate the greatest common factor of 250 and y.
50
Suppose -19 = w - 55. Suppose -3*i - w = -4*i. Suppose -5*j + i + 24 = 0. Calculate the greatest common factor of j and 8.
4
Suppose 0*g - 5*g = 3*x - 297, -g + 5*x + 65 = 0. Let y(p) = 6 + 0 - 6 + 4*p + 3. Let u be y(3). What is the highest common divisor of g and u?
15
Suppose -k + 3*k = 162. Calculate the greatest common factor of k and 9.
9
Let f = 40 + 8. Suppose 3 = -2*r + 3*a, -4*a + 8 = 3*r - 6*a. What is the highest common divisor of f and r?
6
Let h(k) = -k**3 + 5*k**2 + 2*k - 3. Let n be h(3). What is the greatest common divisor of n and 3?
3
Let s(q) be the third derivative of -5*q**4/4 + 3*q**2. Let h be s(-6). Calculate the greatest common divisor of h and 20.
20
Let x be 75/12 - 1/4. Let j(k) = 0*k**2 + 3 - 2 + k**2 - 6*k. Let c be j(x). What is the highest common factor of 11 and c?
1
Suppose -3*o + 0*y + 53 = -5*y, 4*o + 4*y - 28 = 0. Suppose -3*b - 38 = -3*f + 2*b, -31 = -3*f - 2*b. What is the greatest common factor of f and o?
11
Suppose 5*d - 5 + 25 = 0. Let v be (-4 - d) + (-1)/(-1). Let b be -2 + (0 - v) + 17. What is the greatest common factor of 7 and b?
7
Suppose 4*v + 2 - 30 = 0. Suppose 3*i = -2*i + 20. Suppose -2*b = -24 - i. Calculate the highest common factor of b and v.
7
Suppose -4*f = -62 + 10. Let m = 159 + -55. Calculate the highest common factor of m and f.
13
Let j be 4/(-22) - (-70)/22. Let s be (2 - 3) + j - -2. Let r(k) = 4*k + 4. Let g be r(s). Calculate the greatest common divisor of 40 and g.
20
Suppose 0 = -2*u - 5 + 23. Suppose 0 = 5*w + 1 + 4. Let c = w - -2. Calculate the greatest common divisor of u and c.
1
Let g be (-2 + -3 + 7)/2. What is the highest common divisor of 5 and g?
1
Let r = 6 - 5. Let s be 5/(((-1)/(-19))/r). What is the greatest common divisor of s and 38?
19
Suppose 43 = 4*u - f, 3*u + 0*f - 21 = 3*f. Calculate the greatest common factor of u and 12.
12
Suppose -4*z - 5*a = -128, z - 32 = 4*a - a. Let v = -12 - z. Let i = v - -104. Calculate the greatest common divisor of i and 12.
12
Suppose 2*p + 2*p - 4 = 0. Let o be (-5 + -4)*(-5)/3. Suppose 6*v = 3*v + o. Calculate the greatest common factor of p and v.
1
Suppose 9 + 24 = 3*n. Let y(w) = -23*w + 6. Let j be (30/9)/((-6)/9). Let u be y(j). Calculate the highest common divisor of u and n.
11
Let i be (9/15)/(27/810). Suppose 3*f + 187 = -5*y + 457, -5*y + 2*f + 270 = 0. Calculate the greatest